What is the greatest common divisor of 17 and q?
1
Let p(l) = 2*l**2 - 6*l - 6. Let h be p(-3). Calculate the greatest common divisor of 15 and h.
15
Let t be (-43)/(-2) + 5/10. What is the highest common factor of 77 and t?
11
Suppose 0 = r + 2*r + 12. Let p(d) = -d**3 - 4*d**2 + 3. Let a be p(r). Let q be (10/(-6) + 2)*a. What is the greatest common factor of 5 and q?
1
Suppose 5*o = -2*g + 3, 4*g = -0*o - 4*o + 12. Let n(i) = i**3 + 0 + 1 - 4*i - 7 + 4*i**2. Let x be n(-4). What is the greatest common factor of g and x?
2
Suppose 3*s - 1185 = -2*s. Let y = -77 + s. What is the greatest common divisor of y and 20?
20
Suppose -75 = -3*m + 2*f, -3*m - 2*f = 2 - 65. Calculate the highest common factor of 207 and m.
23
Let h = 149 + -97. Calculate the greatest common factor of 13 and h.
13
Let k(d) = -d**3 + 4*d**2 + 4. Let w = -2 + 6. Let z be k(w). What is the greatest common factor of 36 and z?
4
Let q(t) = -267*t - 3. Let m be q(-1). What is the highest common divisor of m and 24?
24
Let c = 153 - 131. Calculate the highest common divisor of c and 286.
22
Let b(v) = 108*v - 4. Let p be b(1). Let w = -12 - -25. What is the greatest common factor of p and w?
13
Suppose 5*g = 2*v - 50, 3*v = -0*v + 5*g + 70. Suppose -j = -0*j + 4*l - 25, 2*j - 2*l = 0. Calculate the highest common divisor of v and j.
5
Let n be 5/10*90*-1. Let z be n/(-9) - (-3)/(-1). Calculate the highest common factor of z and 10.
2
Suppose -400 = -0*u - 8*u. What is the highest common factor of u and 2?
2
Suppose -5*y = -8*y + 6. Suppose 2*k + 60 = -5*o + 161, -141 = -y*k + 3*o. What is the greatest common divisor of 7 and k?
7
Suppose 5*r = -0*y + y - 23, -2*y + 61 = 5*r. Let q = 46 - y. Suppose -5*n = -6*n + q. What is the highest common factor of 2 and n?
2
Let m(w) = 2*w. Let r be m(2). Suppose -6 + 18 = -r*t. Let f(o) = 3*o**2 + o - 2. Let c be f(t). What is the greatest common divisor of c and 11?
11
Let h(r) = 4*r + 1. Let n be h(3). Suppose -4*c + 49 = n. Calculate the highest common factor of c and 18.
9
Suppose 0*z - 4*z = -40. Calculate the highest common divisor of 40 and z.
10
Suppose -2*q = m, -4*q + q = 4*m - 5. Suppose -153 = -o - m*o. Calculate the greatest common factor of o and 34.
17
Suppose 6 + 84 = -5*b. Let f(n) = n**2 - 6*n + 4. Let q be f(5). Let h be b*(q - 15/6). Calculate the greatest common divisor of 21 and h.
21
Let i(a) = -46*a - 8. Let z be i(-4). What is the greatest common factor of 22 and z?
22
Suppose 3*g - 33 + 186 = 3*r, -g + 157 = 3*r. Calculate the greatest common divisor of r and 13.
13
Let t(f) = 15*f**2 + 2*f. Let l be t(-1). What is the greatest common divisor of 52 and l?
13
Let b be 0 - -1 - (-16 + 12). Calculate the greatest common factor of b and 10.
5
Let a be -1*(-29 - (0 - 2)). Calculate the highest common divisor of 108 and a.
27
Suppose 0 = -2*z - 4*b - 18, -6*b = -z - b + 26. Let m(h) = 6*h**3 + h**2 - 2*h + 2. Let p be m(1). What is the highest common factor of z and p?
1
Let j(l) = -2*l + 3. Let c be j(-11). What is the greatest common factor of c and 200?
25
Let d = 5 + -1. Suppose d*y = 6*q - q - 130, -3*q = 5*y - 115. Calculate the highest common factor of 15 and q.
15
Suppose -4*l - 12 = 0, -l + 3*l + 96 = 5*j. Calculate the highest common divisor of j and 6.
6
Let q(f) = 2*f - 2. Suppose -4*l - 3*p + 33 = 0, 4 - 34 = -3*l - 4*p. Let u be q(l). Calculate the highest common divisor of u and 50.
10
Suppose 3*w - 4*w = 5*u - 10, 2*w + 16 = 2*u. Suppose 6*q + 165 = 9*q. Suppose -u*a = 2*a - q. Calculate the greatest common factor of 44 and a.
11
Let h(s) = -2*s**2 + 4*s + 7. Let z be h(7). Let f = -31 - z. What is the greatest common divisor of f and 16?
16
Let f(b) = -8*b - 64. Let g be f(-19). Calculate the greatest common divisor of g and 22.
22
Suppose 4*z + 11 = -3*y - 9, -y = -4*z + 28. Let n = y + 14. Calculate the greatest common divisor of n and 10.
2
Suppose -w = -2, -w = -j + 4*w + 41. Let o(c) = c**3 - 4*c**2 + 17. Let d be o(4). What is the highest common divisor of d and j?
17
Let w(m) = m**3 - 4*m**2 + 2*m - 6. Let c be w(4). Suppose -5*h - 25 = -0*h. Let s be c/h + (-124)/(-10). Calculate the greatest common factor of s and 96.
12
Let r be -24*(3 - 39/9). Suppose -284 = -4*h - r. What is the highest common divisor of h and 9?
9
Suppose 4*s - 5*s + 3*r = -51, 4*s = -2*r + 190. What is the highest common divisor of 6 and s?
6
Let a(f) = -6 - 11 + 11 + 2*f. Let z be a(-8). Let p be (z/4)/(6/(-300)). What is the greatest common factor of p and 25?
25
Let u(m) = 3*m - 1. Let r be u(2). Let p = -1 + r. Let g = 7 - 5. What is the highest common factor of p and g?
2
Suppose 0 = g + 4*x + 21, -x = 3*g + 3 + 5. Let b be (g/(-2))/(1/192). Let f be (-2)/(-4) - (-46)/4. What is the greatest common divisor of b and f?
12
Let d = -2 - -5. Suppose -6 = d*q - 4*q. What is the greatest common divisor of 54 and q?
6
Let f = 10 + -5. Suppose 5*x - 2*h = 127, -2*x + f*x + 3*h = 72. Calculate the highest common factor of x and 5.
5
Let t be (2 - -3)/(2/4). Let x = 89 + -49. Calculate the greatest common factor of x and t.
10
Let t = 0 + 10. Let c be (82 - -6)*(-5)/(-4). What is the greatest common divisor of t and c?
10
Suppose -h - 3*h + 22 = 3*r, -2*r + 2*h = -10. Let x be (-26)/(-10) + (-2)/(-5). Calculate the highest common factor of x and r.
3
Let v(a) = -38*a - 4. Let k be v(-3). What is the greatest common divisor of 10 and k?
10
Suppose 0 = j + 9 - 1. Let f be (-198)/j + 15/(-20). Calculate the highest common factor of f and 16.
8
Suppose -p = -2*p - 3*f - 3, 2*p = -3*f - 21. Let v be (-68)/p - 10/(-45). Calculate the highest common divisor of 16 and v.
4
Let n be (-1)/(388/(-128) + 3). Calculate the highest common divisor of 256 and n.
32
Let n be (2 - 5 - -7)*(-1)/(-4). What is the greatest common divisor of 18 and n?
1
Suppose 5*n = -0*s + 3*s + 24, 0 = -2*n - s + 3. Suppose -n*m + 0*m = -24. What is the greatest common factor of m and 56?
8
Let t = -3 + 5. Suppose -2*b - t*d + 208 = 0, 3*b + 3*d = d + 307. What is the highest common divisor of b and 11?
11
Suppose 0*d - d - 2*p + 15 = 0, 0 = -3*d - 5*p + 44. Let a(u) = u - 5. Let m be a(d). Let x = 17 - -23. What is the highest common divisor of x and m?
8
Let k be 4/6*12/(-8). Let x be (k/2 - 0)*-4. Let f be 41/x + (-2)/4. Calculate the greatest common factor of f and 50.
10
Suppose -4*s = -2*s - 4. Let n(q) = -4*q + 29. Let z be n(7). What is the greatest common divisor of s and z?
1
Suppose -2*j = -5*j + 6. Suppose 0 = j*f + 2, k - 12 = f + 2*f. What is the highest common divisor of 72 and k?
9
Suppose -6*c - 16 = -4*c. Let g = -2 - c. What is the greatest common factor of 12 and g?
6
Let s(z) = 2*z**2 + 8*z - 20. Let c be s(-8). Calculate the highest common factor of 4 and c.
4
Let w(x) be the first derivative of 2*x**3/3 + 5*x**2/2 - 4*x + 3. Let b be w(4). Calculate the greatest common divisor of b and 6.
6
Suppose -3*j + 10 = -2*j. Let z = -1 - -11. What is the highest common divisor of z and j?
10
Let c(b) = b + 26. Let y be c(-8). Calculate the greatest common divisor of 126 and y.
18
Let s be (-3*(-57)/9)/1. Calculate the greatest common factor of 57 and s.
19
Let i be (-6)/4 + 78/12. Suppose -i*h + 68 = -h. What is the greatest common divisor of 17 and h?
17
Let x = 42 - 18. What is the greatest common factor of x and 12?
12
Suppose 392 = 3*x + 29. Suppose 0*q + 3*s - 12 = -q, 3*q - 4*s + 16 = 0. Let v(d) = d + 11. Let b be v(q). Calculate the greatest common factor of b and x.
11
Let m be (-170)/(-7) - 2/7. Calculate the greatest common factor of m and 3.
3
Suppose 4*a - 2713 = 6195. Suppose 5*n = a - 427. Suppose -n = -5*g + 3*c, -c = -2*g + 2*c + 144. What is the highest common factor of 9 and g?
9
Let o(p) = p**2 + p + 90. Let z be o(0). Let i = z - 48. Calculate the greatest common factor of i and 21.
21
Suppose -j - x = 3*j - 147, -x = -j + 43. Suppose -v + 62 = -j. What is the greatest common divisor of 20 and v?
20
Let d(v) = -6*v**2 + v. Let i be d(5). Let k be i/(-7) - 8/(-28). What is the greatest common factor of k and 168?
21
Suppose -i = 4*l + 26 - 3, 0 = -2*i + 5*l + 6. Let m = 3 + i. Let t = m - -10. Calculate the greatest common divisor of 6 and t.
6
Suppose -5*z + 330 + 440 = 0. Let o be (-2)/(-4)*(-16)/(-1). Suppose -2*t = -3*c 